d by 242.
64
What is the remainder when 18626355 is divided by 243?
162
Calculate the remainder when 25289 is divided by 1676.
149
What is the remainder when 12330920 is divided by 1114?
54
What is the remainder when 6538550 is divided by 13025?
0
What is the remainder when 112457 is divided by 28035?
317
What is the remainder when 84015719 is divided by 1384?
1383
Calculate the remainder when 101149606 is divided by 124.
78
What is the remainder when 113293 is divided by 113215?
78
What is the remainder when 168844 is divided by 6251?
67
What is the remainder when 2621604 is divided by 923?
284
Calculate the remainder when 92386 is divided by 18475.
11
What is the remainder when 830021 is divided by 528?
5
Calculate the remainder when 365458 is divided by 676.
418
What is the remainder when 28798490 is divided by 704?
666
Calculate the remainder when 1200996 is divided by 2967.
2328
Calculate the remainder when 2676589 is divided by 1827.
34
Calculate the remainder when 2908827 is divided by 6379.
3
What is the remainder when 37376 is divided by 3369?
317
Calculate the remainder when 3202198 is divided by 640420.
98
What is the remainder when 60593873 is divided by 2580?
2573
Calculate the remainder when 15397264 is divided by 1539725.
14
What is the remainder when 362443 is divided by 120665?
448
Calculate the remainder when 1693467 is divided by 930.
867
Calculate the remainder when 55056 is divided by 27335.
386
What is the remainder when 1631388 is divided by 458?
450
What is the remainder when 15411921 is divided by 280216?
41
What is the remainder when 390533 is divided by 195209?
115
Calculate the remainder when 129361 is divided by 32327.
53
Calculate the remainder when 22189197 is divided by 820.
817
Calculate the remainder when 713263 is divided by 178260.
223
What is the remainder when 253673 is divided by 692?
401
Calculate the remainder when 46723205 is divided by 2628.
2621
What is the remainder when 1136151 is divided by 567244?
1663
Calculate the remainder when 13061679 is divided by 18.
15
What is the remainder when 352667 is divided by 550?
117
What is the remainder when 126478 is divided by 20563?
3100
What is the remainder when 492069 is divided by 14041?
634
Calculate the remainder when 44002 is divided by 6247.
273
What is the remainder when 21721296 is divided by 133?
2
Calculate the remainder when 202369 is divided by 38434.
10199
Calculate the remainder when 8019612 is divided by 58112.
156
Calculate the remainder when 143467288 is divided by 3021.
3019
Calculate the remainder when 196073 is divided by 64.
41
What is the remainder when 24873809 is divided by 13865?
13864
Calculate the remainder when 6230658 is divided by 32.
2
Calculate the remainder when 87320 is divided by 3743.
1231
Calculate the remainder when 21160378 is divided by 452.
450
Calculate the remainder when 1372199 is divided by 457363.
110
What is the remainder when 2082065 is divided by 1146?
929
What is the remainder when 603626 is divided by 204?
194
Calculate the remainder when 33499 is divided by 8327.
191
Calculate the remainder when 12670903 is divided by 199.
175
Calculate the remainder when 212448 is divided by 281.
12
Calculate the remainder when 3573955 is divided by 580.
575
What is the remainder when 4947467 is divided by 1844?
15
What is the remainder when 134075 is divided by 819?
578
What is the remainder when 802581 is divided by 115?
111
What is the remainder when 117588621 is divided by 2375?
2371
What is the remainder when 1749760 is divided by 583246?
22
Calculate the remainder when 1742647 is divided by 91.
88
What is the remainder when 9859523 is divided by 578?
577
What is the remainder when 325168 is divided by 4351?
3194
Calculate the remainder when 462708 is divided by 66099.
15
Calculate the remainder when 389456421 is divided by 92.
89
What is the remainder when 28639955 is divided by 138?
125
Calculate the remainder when 26109533 is divided by 284.
277
Calculate the remainder when 4574 is divided by 219.
194
Calculate the remainder when 6060171 is divided by 194.
193
What is the remainder when 1702288 is divided by 851128?
32
What is the remainder when 49736 is divided by 4515?
71
What is the remainder when 3067469 is divided by 60?
29
Calculate the remainder when 96819 is divided by 48012.
795
Calculate the remainder when 21484 is divided by 2559.
1012
What is the remainder when 491666 is divided by 604?
10
What is the remainder when 187696 is divided by 2858?
1926
Calculate the remainder when 1562763 is divided by 97.
93
Calculate the remainder when 20112589 is divided by 5028143.
17
Calculate the remainder when 1019692 is divided by 90.
82
What is the remainder when 15046488 is divided by 329?
2
What is the remainder when 125108 is divided by 528?
500
Calculate the remainder when 58908664 is divided by 29454327.
10
Calculate the remainder when 3192839 is divided by 2225.
2189
Calculate the remainder when 9082339 is divided by 1015.
119
Calculate the remainder when 149991 is divided by 37496.
7
What is the remainder when 10871250 is divided by 5?
0
Calculate the remainder when 148291298 is divided by 21.
8
Calculate the remainder when 124613 is divided by 31117.
145
Calculate the remainder when 81719339 is divided by 3649.
3633
Calculate the remainder when 249809 is divided by 158.
11
Calculate the remainder when 17799441 is divided by 4449856.
17
Calculate the remainder when 5915341 is divided by 2124.
1
What is the remainder when 25494499 is divided by 12747249?
1
What is the remainder when 2019415 is divided by 23473?
737
What is the remainder when 98608 is divided by 49200?
208
Calculate the remainder when 4747015418 is divided by 471.
470
Calculate the remainder when 2400612 is divided by 758.
26
Calculate the remainder when 53536788 is divided by 2633.
2632
Calculate the remainder when 9706602 is divided by 1515.
1512
Calculate the remainder when 686919 is divided by 19.
12
Calculate the remainder when 44158827 is divided by 1573.
1571
What is the remainder when 1475576 is divided by 368824?
280
Calculate the remainder when 1264604 is divided by 37192.
76
Calculate the remainder when 40225299 is divided by 20112600.
99
Calculate the remainder when 289439 is divided by 5906.
45
What is the remainder when 437999 is divided by 38?
11
What is the remainder when 1646695 is divided by 213?
205
What is the remainder when 779377 is divided by 155851?
122
Calculate the remainder when 2917216 is divided by 1458607.
2
What is the remainder when 1975251 is divided by 987577?
97
What is the remainder when 4855788 is divided by 81?
0
What is the remainder when 12207833 is divided by 3914?
67
Calculate the remainder when 6425821 is divided by 167.
162
What is the remainder when 135779697 is divided by 2460?
2457
What is the remainder when 30386933 is divided by 54?
53
What is the remainder when 1055566 is divided by 2699?
257
What is the remainder when 53426983 is divided by 118?
5
Calculate the remainder when 152713 is divided by 152534.
179
What is the remainder when 88414 is divided by 302?
230
Calculate the remainder when 504859 is divided by 252379.
101
What is the remainder when 2449870 is divided by 6749?
6732
Calculate the remainder when 6309683 is divided by 2533.
2513
What is the remainder when 615252 is divided by 615002?
250
What is the remainder when 3444406 is divided by 15107?
10
Calculate the remainder when 291459 is divided by 49.
7
Calculate the remainder when 735544 is divided by 330.
304
What is the remainder when 212624 is divided by 340?
124
Calculate the remainder when 493759 is divided by 32912.
79
What is the remainder when 2982773 is divided by 30750?
23
Calculate the remainder when 1502224 is divided by 34140.
64
Calculate the remainder when 35142 is divided by 1163.
252
Calculate the remainder when 13986663 is divided by 119.
117
What is the remainder when 990935 is divided by 1835?
35
What is the remainder when 2051628 is divided by 1057?
1048
What is the remainder when 285869 is divided by 95067?
668
Calculate the remainder when 7711658 is divided by 1542322.
48
Calculate the remainder when 441230 is divided by 2659.
2495
Calculate the remainder when 970519 is divided by 15580.
4559
Calculate 